culate the highest common divisor of 684 and 155724.
228
Calculate the highest common factor of 21540 and 2220.
60
Calculate the highest common divisor of 420 and 12243.
21
Calculate the greatest common factor of 4 and 154236.
4
Calculate the greatest common factor of 642 and 6.
6
Calculate the highest common divisor of 5389 and 2536.
317
What is the highest common divisor of 466 and 146?
2
What is the highest common divisor of 23874 and 510?
6
Calculate the greatest common divisor of 360 and 56200.
40
Calculate the greatest common divisor of 11 and 13092.
1
Calculate the highest common divisor of 350455 and 21.
7
Calculate the highest common factor of 1239 and 6745116.
1239
Calculate the greatest common factor of 97 and 438343.
97
What is the highest common factor of 72 and 73170?
18
Calculate the greatest common divisor of 57051 and 108.
27
Calculate the greatest common factor of 39125 and 625.
125
What is the highest common factor of 1632 and 371?
1
What is the highest common divisor of 199552 and 128?
128
Calculate the highest common factor of 3538 and 4026.
122
Calculate the greatest common factor of 1551517 and 1034.
517
What is the highest common factor of 6732 and 2312?
68
Calculate the greatest common factor of 702526 and 1210.
242
What is the greatest common divisor of 3510 and 22080?
30
What is the highest common divisor of 7031 and 89?
89
What is the highest common divisor of 922 and 2050?
2
Calculate the highest common divisor of 8282 and 1818.
202
What is the highest common divisor of 637092 and 5508?
1836
Calculate the greatest common factor of 4828 and 23324.
68
Calculate the greatest common factor of 464 and 1296.
16
Calculate the highest common factor of 749 and 8874152.
749
What is the greatest common divisor of 398623 and 471?
157
What is the greatest common divisor of 9 and 888?
3
What is the highest common factor of 1638 and 3318?
42
What is the highest common factor of 116 and 17284?
116
What is the greatest common divisor of 7505 and 13825?
395
Calculate the highest common factor of 53 and 416209.
53
What is the highest common divisor of 214844 and 84?
28
Calculate the highest common divisor of 1748 and 1824.
76
Calculate the greatest common factor of 548 and 788846.
274
Calculate the greatest common divisor of 233632 and 4704.
1568
What is the highest common factor of 49 and 174293?
49
What is the greatest common divisor of 111344 and 48?
16
What is the highest common factor of 34398 and 392?
98
Calculate the greatest common divisor of 6 and 83247.
3
Calculate the highest common divisor of 7599 and 75021.
51
What is the highest common factor of 2 and 532052?
2
What is the highest common divisor of 48 and 3536?
16
What is the greatest common divisor of 2716 and 2828?
28
What is the greatest common factor of 76 and 3981773?
19
What is the highest common divisor of 19220 and 10?
10
Calculate the greatest common divisor of 15336 and 1728.
216
What is the greatest common factor of 672 and 21?
21
What is the greatest common factor of 89 and 61499?
89
Calculate the highest common factor of 15283 and 10846.
493
Calculate the highest common divisor of 291357 and 85536.
2673
Calculate the highest common factor of 33660 and 10340.
220
Calculate the highest common divisor of 3519 and 828.
207
Calculate the highest common divisor of 64 and 136336.
16
What is the greatest common divisor of 67906 and 266?
38
Calculate the greatest common divisor of 592774 and 273.
91
Calculate the greatest common factor of 1920501 and 38.
19
What is the greatest common factor of 3542 and 14784?
154
Calculate the greatest common divisor of 164 and 3152.
4
Calculate the greatest common factor of 12389 and 89582.
953
What is the greatest common factor of 14091 and 6336?
33
Calculate the highest common divisor of 184 and 17227.
23
What is the highest common divisor of 400273 and 152?
19
Calculate the greatest common divisor of 426 and 148106.
142
Calculate the greatest common factor of 1 and 55603.
1
Calculate the highest common divisor of 1995640 and 40.
40
Calculate the greatest common factor of 21 and 34531.
7
What is the greatest common factor of 189 and 2441232?
27
What is the greatest common divisor of 1386 and 188034?
462
Calculate the greatest common divisor of 6777 and 18825.
753
Calculate the greatest common factor of 1848 and 248.
8
What is the greatest common factor of 17164 and 448?
28
Calculate the highest common divisor of 3040 and 2565.
95
What is the highest common divisor of 432 and 880?
16
Calculate the highest common factor of 23 and 16698.
23
What is the highest common divisor of 182726 and 77940?
866
What is the highest common divisor of 559 and 416?
13
What is the highest common factor of 1331 and 16577?
121
What is the highest common factor of 1071 and 23499?
63
What is the highest common factor of 2944 and 7544?
184
Calculate the highest common factor of 1599 and 9717.
123
What is the highest common factor of 5125 and 225?
25
Calculate the greatest common divisor of 377 and 155779.
13
Calculate the highest common factor of 912 and 39786.
114
Calculate the greatest common divisor of 762645 and 105.
15
Calculate the greatest common divisor of 3507131 and 766.
383
What is the highest common factor of 51330 and 1416?
354
Calculate the greatest common divisor of 935 and 12914.
11
Calculate the greatest common divisor of 713 and 25234.
31
What is the greatest common divisor of 1880100 and 540?
180
Calculate the highest common factor of 40530 and 15.
15
Calculate the highest common factor of 178 and 436.
2
Calculate the greatest common factor of 175 and 79940.
35
What is the highest common divisor of 30 and 215420?
10
What is the highest common factor of 135 and 181143?
27
Calculate the highest common divisor of 1376 and 192.
32
What is the greatest common divisor of 438111 and 54?
9
What is the highest common factor of 11 and 150601?
11
What is the highest common factor of 569783 and 411?
137
Calculate the greatest common factor of 376 and 200.
8
What is the highest common factor of 2155 and 235?
5
What is the highest common factor of 12716 and 99?
11
Calculate the greatest common factor of 170 and 54706.
34
Calculate the greatest common factor of 337910 and 260.
10
Calculate the greatest common factor of 209 and 209057.
19
Calculate the greatest common factor of 22951 and 28397.
389
What is the greatest common divisor of 560 and 4964848?
112
Calculate the greatest common divisor of 22528 and 5888.
256
What is the greatest common factor of 126 and 2560698?
126
What is the highest common divisor of 8359 and 143?
13
What is the greatest common divisor of 261 and 117?
9
Calculate the greatest common divisor of 1022 and 584073.
511
Calculate the greatest common factor of 140 and 460355.
35
Calculate the greatest common divisor of 219951 and 90.
9
What is the highest common divisor of 240972 and 2580?
516
Calculate the highest common divisor of 1428 and 126924.
84
What is the greatest common factor of 157807 and 1586?
793
What is the greatest common factor of 103057 and 771?
257
What is the greatest common factor of 118 and 61714?
118
Calculate the greatest common factor of 6375 and 1581.
51
What is the highest common factor of 482 and 13014?
482
Calculate the greatest common factor of 260 and 27130.
10
Calculate the greatest common divisor of 153958 and 1176.
98
Calculate the highest common factor of 1596 and 22686.
114
Calculate the highest common factor of 4743 and 577251.
279
What is the greatest common divisor of 7 and 229?
1
Calculate the highest common factor of 101955 and 525.
105
Calculate the greatest common factor of 847 and 10527.
121
What is the highest common factor of 3270 and 3630?
30
What is the highest common divisor of 7563 and 216?
3
What is the highest common divisor of 665271 and 1351?
193
What is the greatest common divisor of 710476 and 338?
338
Calculate the greatest common divisor of 4378 and 325564.
398
What is the highest common factor of 887166 and 3402?
378
Calculate the greatest common divisor of 128 and 220544.
128
What is the highest common factor of 96 and 15592?
8
Calculate the greatest common factor of 22 and 606243.
11
What is the greatest common divisor of 79 and 5032063?
79
Calculate the highest c